{"id":11,"date":"2024-09-16T19:23:44","date_gmt":"2024-09-16T19:23:44","guid":{"rendered":"https:\/\/b2grow.mx\/?page_id=11"},"modified":"2024-09-26T18:12:06","modified_gmt":"2024-09-26T18:12:06","slug":"b2grow-mx","status":"publish","type":"page","link":"https:\/\/b2grow.mx\/","title":{"rendered":"b2grow.mx"},"content":{"rendered":"\n<div class=\"wp-block-uagb-container uagb-block-522ad942 alignfull uagb-is-root-container\">\n<div class=\"wp-block-cover is-light\" style=\"min-height:524px;aspect-ratio:unset;\"><span aria-hidden=\"true\" class=\"wp-block-cover__background has-base-background-color has-background-dim-20 has-background-dim\"><\/span><img loading=\"lazy\" decoding=\"async\" width=\"1820\" height=\"750\" class=\"wp-block-cover__image-background wp-image-17\" alt=\"\" src=\"https:\/\/b2grow.mx\/wp-content\/uploads\/2024\/09\/Sin-titulo-1820-x-750-px-5.png\" style=\"object-position:50% 50%\" data-object-fit=\"cover\" data-object-position=\"50% 50%\" srcset=\"https:\/\/b2grow.mx\/wp-content\/uploads\/2024\/09\/Sin-titulo-1820-x-750-px-5.png 1820w, https:\/\/b2grow.mx\/wp-content\/uploads\/2024\/09\/Sin-titulo-1820-x-750-px-5-300x124.png 300w, https:\/\/b2grow.mx\/wp-content\/uploads\/2024\/09\/Sin-titulo-1820-x-750-px-5-1024x422.png 1024w, https:\/\/b2grow.mx\/wp-content\/uploads\/2024\/09\/Sin-titulo-1820-x-750-px-5-768x316.png 768w, https:\/\/b2grow.mx\/wp-content\/uploads\/2024\/09\/Sin-titulo-1820-x-750-px-5-1536x633.png 1536w\" sizes=\"auto, (max-width: 1820px) 100vw, 1820px\" \/><div class=\"wp-block-cover__inner-container is-layout-flow wp-block-cover-is-layout-flow\">\n<div class=\"wp-block-uagb-container uagb-block-1563cfd1\">\n<figure class=\"wp-block-image aligncenter size-thumbnail is-resized\"><img loading=\"lazy\" decoding=\"async\" width=\"150\" height=\"150\" src=\"https:\/\/b2grow.mx\/wp-content\/uploads\/2024\/09\/3-150x150.png\" alt=\"\" class=\"wp-image-21\" style=\"aspect-ratio:1.3333333333333333;object-fit:contain;width:187px;height:auto\"\/><\/figure>\n\n\n\n<p class=\"has-text-align-center has-text-color has-link-color wp-elements-1d113462a928f7568c054db5d84ab899\" style=\"color:#0c577a;font-size:3.5vw\">&#8220;Impulsamos tu crecimiento y consolidamos tu futuro.\u201d<\/p>\n\n\n\n<div class=\"wp-block-uagb-container uagb-block-fd4f28f8\"><\/div>\n<\/div>\n<\/div><\/div>\n<\/div>\n\n\n\n<div class=\"wp-block-uagb-container uagb-block-2d0c1aea alignfull uagb-is-root-container\"><div class=\"uagb-container-inner-blocks-wrap\">\n<div class=\"wp-block-uagb-container uagb-block-ac3b6432\">\n<p class=\"has-text-align-center has-text-color has-link-color has-large-font-size wp-elements-d40c50927b77ee8bc0ca72e7ef48bf3c\" style=\"color:#0c577a\"><strong>En B2 GROW, nos dedicamos a impulsar el crecimiento y el \u00e9xito de los negocios a trav\u00e9s de soluciones integrales y personalizadas.<\/strong><\/p>\n<\/div>\n\n\n\n<div class=\"wp-block-uagb-container uagb-block-9f3db553\">\n<div class=\"wp-block-uagb-container uagb-block-a9444149\">\n<div class=\"wp-block-cover\" style=\"min-height:323px;aspect-ratio:unset;\"><span aria-hidden=\"true\" class=\"wp-block-cover__background has-background-dim\"><\/span><img loading=\"lazy\" decoding=\"async\" width=\"1024\" height=\"422\" class=\"wp-block-cover__image-background wp-image-26\" alt=\"\" src=\"https:\/\/b2grow.mx\/wp-content\/uploads\/2024\/09\/1-2-1024x422.png\" style=\"object-position:49% 52%\" data-object-fit=\"cover\" data-object-position=\"49% 52%\" srcset=\"https:\/\/b2grow.mx\/wp-content\/uploads\/2024\/09\/1-2-1024x422.png 1024w, https:\/\/b2grow.mx\/wp-content\/uploads\/2024\/09\/1-2-300x124.png 300w, https:\/\/b2grow.mx\/wp-content\/uploads\/2024\/09\/1-2-768x316.png 768w, https:\/\/b2grow.mx\/wp-content\/uploads\/2024\/09\/1-2-1536x633.png 1536w, https:\/\/b2grow.mx\/wp-content\/uploads\/2024\/09\/1-2.png 1820w\" sizes=\"auto, (max-width: 1024px) 100vw, 1024px\" \/><div class=\"wp-block-cover__inner-container is-layout-flow wp-block-cover-is-layout-flow\">\n<p class=\"has-text-align-center has-large-font-size\">Consultor\u00eda<\/p>\n\n\n\n<p class=\"has-text-align-center\">Entendemos que cada negocio enfrenta desaf\u00edos \u00fanicos. Por ello, nos especializamos en identificar y resolver problemas cr\u00edticos que pueden obstaculizar su crecimiento.<\/p>\n<\/div><\/div>\n<\/div>\n\n\n\n<div class=\"wp-block-uagb-container uagb-block-b4e76cbf\">\n<div class=\"wp-block-cover is-light\" style=\"min-height:323px;aspect-ratio:unset;\"><span aria-hidden=\"true\" class=\"wp-block-cover__background has-background-dim\" style=\"background-color:#38b6ff\"><\/span><img loading=\"lazy\" decoding=\"async\" width=\"1820\" height=\"750\" class=\"wp-block-cover__image-background wp-image-28\" alt=\"\" src=\"https:\/\/b2grow.mx\/wp-content\/uploads\/2024\/09\/1-3.png\" data-object-fit=\"cover\" srcset=\"https:\/\/b2grow.mx\/wp-content\/uploads\/2024\/09\/1-3.png 1820w, https:\/\/b2grow.mx\/wp-content\/uploads\/2024\/09\/1-3-300x124.png 300w, https:\/\/b2grow.mx\/wp-content\/uploads\/2024\/09\/1-3-1024x422.png 1024w, https:\/\/b2grow.mx\/wp-content\/uploads\/2024\/09\/1-3-768x316.png 768w, https:\/\/b2grow.mx\/wp-content\/uploads\/2024\/09\/1-3-1536x633.png 1536w\" sizes=\"auto, (max-width: 1820px) 100vw, 1820px\" \/><div class=\"wp-block-cover__inner-container is-layout-flow wp-block-cover-is-layout-flow\">\n<p class=\"has-text-align-center has-base-2-color has-text-color has-link-color has-large-font-size wp-elements-0c188b780f4f75bfd7f3e4d1fa2cd52a\">Servicios Administrados<\/p>\n\n\n\n<p class=\"has-base-2-color has-text-color has-link-color wp-elements-c366f7d7d21dfadffcbb1d64d184f44b\">Nuestros servicios Administrados BPO est\u00e1n dise\u00f1ados para optimizar costos y acelerar el crecimiento, siempre adapt\u00e1ndonos a las necesidades espec\u00edficas de nuestros clientes.<\/p>\n<\/div><\/div>\n<\/div>\n<\/div>\n<\/div><\/div>\n\n\n\n<div class=\"wp-block-uagb-container uagb-block-ee9ead5d alignfull uagb-is-root-container\"><div class=\"uagb-container-inner-blocks-wrap\">\n<div class=\"wp-block-uagb-container uagb-block-9ffe467e\">\n<p class=\"has-text-align-center has-base-2-color has-text-color has-link-color has-large-font-size wp-elements-c6534d517c642a4ab1f13ac07f1a626b\">Consultor\u00eda<\/p>\n<\/div>\n<\/div><\/div>\n\n\n\n<div class=\"wp-block-uagb-container uagb-block-7f1781b7 alignfull uagb-is-root-container\"><div class=\"uagb-container-inner-blocks-wrap\">\n<figure class=\"wp-block-image size-large is-resized\"><img loading=\"lazy\" decoding=\"async\" width=\"1024\" height=\"165\" src=\"https:\/\/b2grow.mx\/wp-content\/uploads\/2024\/09\/Sin-titulo-1820-x-750-px-10-1024x165.png\" alt=\"\" class=\"wp-image-34\" style=\"width:1237px;height:auto\" srcset=\"https:\/\/b2grow.mx\/wp-content\/uploads\/2024\/09\/Sin-titulo-1820-x-750-px-10-1024x165.png 1024w, https:\/\/b2grow.mx\/wp-content\/uploads\/2024\/09\/Sin-titulo-1820-x-750-px-10-300x48.png 300w, https:\/\/b2grow.mx\/wp-content\/uploads\/2024\/09\/Sin-titulo-1820-x-750-px-10-768x124.png 768w, https:\/\/b2grow.mx\/wp-content\/uploads\/2024\/09\/Sin-titulo-1820-x-750-px-10-1536x247.png 1536w, https:\/\/b2grow.mx\/wp-content\/uploads\/2024\/09\/Sin-titulo-1820-x-750-px-10.png 1634w\" sizes=\"auto, (max-width: 1024px) 100vw, 1024px\" \/><\/figure>\n<\/div><\/div>\n\n\n\n<div class=\"wp-block-uagb-container uagb-block-f472fc86 alignfull uagb-is-root-container\"><div class=\"uagb-container-inner-blocks-wrap\">\n<p class=\"has-text-align-center has-base-2-color has-text-color has-link-color has-large-font-size wp-elements-0b9e558dcdbcd2d9b795828f1241d42d\"><strong>Que Resolvemos<\/strong>?<\/p>\n<\/div><\/div>\n\n\n\n<div class=\"wp-block-uagb-container uagb-block-e1246ddf alignfull uagb-is-root-container\"><div class=\"uagb-container-inner-blocks-wrap\">\n<div class=\"wp-block-uagb-container uagb-block-a1157ce2\">\n<p class=\"has-base-2-color has-text-color has-link-color wp-elements-4c5de1aa72ef5a91452ab44e59f70f2c\"><strong>Experiencia del Cliente:<\/strong> A identificar y resolver problemas relacionados con la satisfacci\u00f3n y fidelizaci\u00f3n de clientes, mejorando as\u00ed la interacci\u00f3n y percepci\u00f3n del cliente hacia la empresa.<br><strong>Desarrollo de<\/strong> <strong>Canales de Venta: <\/strong>Ayuda a optimizar y mejorar los m\u00e9todos de distribuci\u00f3n y los puntos de contacto con los clientes.<br><strong>Gesti\u00f3n de Equipo:<\/strong> Ayuda a identificar y solucionar problemas relacionados con la din\u00e1mica y el rendimiento del equipo. Esto puede incluir mejorar la comunicaci\u00f3n y colaboraci\u00f3n entre los miembros del equipo, definir roles y responsabilidades claras, aumentar la eficiencia y productividad, y desarrollar habilidades de liderazgo dentro del equipo.<br><\/p>\n<\/div>\n\n\n\n<div class=\"wp-block-uagb-container uagb-block-c75f9d36\">\n<p class=\"has-base-2-color has-text-color has-link-color wp-elements-848d9d7f13ba5f6b358e963b53471128\"><strong>Cultura y clima Organizacional: <\/strong>Ayuda a identificar y abordar problemas relacionados con el ambiente de trabajo y la cultura corporativa. Esto puede incluir mejorar la comunicaci\u00f3n interna, fomentar un entorno de trabajo positivo, aumentar la motivaci\u00f3n y el compromiso de los empleados, y alinear los valores y objetivos de la empresa con las pr\u00e1cticas diarias.<br><strong>Inteligencia Artificial:<\/strong> identificar oportunidades para integrar tecnolog\u00edas de IA en los procesos de negocio. Esto puede incluir la automatizaci\u00f3n de tareas rutinarias, el an\u00e1lisis avanzado de datos para obtener insights valiosos, la mejora de la experiencia del cliente a trav\u00e9s de chatbots y asistentes virtuales, y la optimizaci\u00f3n de operaciones para aumentar la eficiencia y reducir costos.<\/p>\n<\/div>\n<\/div><\/div>\n\n\n\n<div class=\"wp-block-uagb-container uagb-block-544d367c alignfull uagb-is-root-container\"><div class=\"uagb-container-inner-blocks-wrap\">\n<div class=\"wp-block-uagb-container uagb-block-b631eb41\">\n<p class=\"has-text-align-center has-base-color has-text-color has-background has-link-color has-large-font-size wp-elements-acfae9a23ca6c61b9486a8dc4fb451be\" style=\"background-color:#17affb\">Servicios Administrados<\/p>\n<\/div>\n<\/div><\/div>\n\n\n\n<div class=\"wp-block-uagb-container uagb-block-d8b1e08d alignfull uagb-is-root-container\"><div class=\"uagb-container-inner-blocks-wrap\">\n<div class=\"wp-block-uagb-container uagb-block-6ab1c39c\">\n<figure class=\"wp-block-image size-large is-resized\"><img loading=\"lazy\" decoding=\"async\" width=\"1024\" height=\"134\" src=\"https:\/\/b2grow.mx\/wp-content\/uploads\/2024\/09\/Sin-titulo-1820-x-750-px-11-1024x134.png\" alt=\"\" class=\"wp-image-35\" style=\"width:1238px;height:auto\" srcset=\"https:\/\/b2grow.mx\/wp-content\/uploads\/2024\/09\/Sin-titulo-1820-x-750-px-11-1024x134.png 1024w, https:\/\/b2grow.mx\/wp-content\/uploads\/2024\/09\/Sin-titulo-1820-x-750-px-11-300x39.png 300w, https:\/\/b2grow.mx\/wp-content\/uploads\/2024\/09\/Sin-titulo-1820-x-750-px-11-768x101.png 768w, https:\/\/b2grow.mx\/wp-content\/uploads\/2024\/09\/Sin-titulo-1820-x-750-px-11-1536x201.png 1536w, https:\/\/b2grow.mx\/wp-content\/uploads\/2024\/09\/Sin-titulo-1820-x-750-px-11.png 1634w\" sizes=\"auto, (max-width: 1024px) 100vw, 1024px\" \/><\/figure>\n<\/div>\n<\/div><\/div>\n\n\n\n<div class=\"wp-block-uagb-container uagb-block-bac926c9 alignfull uagb-is-root-container\"><div class=\"uagb-container-inner-blocks-wrap\">\n<p class=\"has-text-align-center has-base-2-color has-text-color has-link-color has-large-font-size wp-elements-0b9e558dcdbcd2d9b795828f1241d42d\"><strong>Que Resolvemos<\/strong>?<\/p>\n<\/div><\/div>\n\n\n\n<div class=\"wp-block-uagb-container uagb-block-f0c71919 alignfull uagb-is-root-container\"><div class=\"uagb-container-inner-blocks-wrap\">\n<div class=\"wp-block-uagb-container uagb-block-3522ec16\">\n<p class=\"has-base-2-color has-text-color has-link-color wp-elements-464a05b538f8b6ebcd61a95eee52ae6f\"><strong>Falta de Talento Adecuado:<\/strong> Ayudamos a encontrar y retener el talento necesario para construir equipos de alto rendimiento.<br><strong>Baja Visibilidad de Marca: <\/strong>Creamos estrategias de marketing que aumentan la presencia de su marca y atraen a nuevos clientes.<br><strong>Ineficiencias Operativas:<\/strong> Implementamos soluciones tecnol\u00f3gicas que optimizan sus procesos internos y mejoran la productividad.<br><strong>Gesti\u00f3n Financiera Deficiente:<\/strong> Ofrecemos servicios administrativos y de contabilidad que proporcionan claridad y control sobre sus finanzas.<\/p>\n<\/div>\n\n\n\n<div class=\"wp-block-uagb-container uagb-block-92bb17c8\">\n<p class=\"has-base-2-color has-text-color has-link-color wp-elements-f69c4b7492dcb90122c3d44e4e841f45\"><strong>Estrategias de Ventas Ineficaces: <\/strong>Desarrollamos y mejoramos sus canales de venta para maximizar sus ingresos y crecimiento.<br><strong>Riesgos y Vulnerabilidades en TI:<\/strong> Proveemos soluciones de TI que aseguran la protecci\u00f3n de sus datos y la continuidad de sus operaciones.<br><strong>Gesti\u00f3n Deficiente:<\/strong> Implementamos sistemas de gesti\u00f3n funcionales para las operaciones remotas.<br><strong>Sistemas de compra complejos:<\/strong> Desarrollamos programas automatizados para mejorar la Experiencia del Cliente.<\/p>\n<\/div>\n<\/div><\/div>\n\n\n\n<div class=\"wp-block-uagb-container uagb-block-88d21885 alignfull uagb-is-root-container\"><div class=\"uagb-container-inner-blocks-wrap\">\n<p class=\"has-base-2-color has-text-color has-link-color wp-elements-e61dcfd97c1c89bf637e8777ae56a227\"><strong>Direcci\u00f3n:<\/strong>&nbsp;Pino Su\u00e1rez 455, Centro, Monterrey, CP 64000<br><strong>Tel\u00e9fono:<\/strong>&nbsp;+52 1 81 1162 4854<br><strong>Correo:<\/strong>&nbsp;proyectos@infrared.mx<\/p>\n<\/div><\/div>\n","protected":false},"excerpt":{"rendered":"<p>En B2 GROW, nos dedicamos a impulsar el crecimiento y el \u00e9xito de los negocios a trav\u00e9s de soluciones integrales y personalizadas. Consultor\u00eda Que Resolvemos? Experiencia del Cliente: A identificar y resolver problemas relacionados con la satisfacci\u00f3n y fidelizaci\u00f3n de clientes, mejorando as\u00ed la interacci\u00f3n y percepci\u00f3n del cliente hacia la empresa.Desarrollo de Canales de [&hellip;]<\/p>\n","protected":false},"author":1,"featured_media":0,"parent":0,"menu_order":0,"comment_status":"closed","ping_status":"closed","template":"","meta":{"_uag_custom_page_level_css":"","footnotes":""},"class_list":["post-11","page","type-page","status-publish","hentry"],"uagb_featured_image_src":{"full":false,"thumbnail":false,"medium":false,"medium_large":false,"large":false,"1536x1536":false,"2048x2048":false},"uagb_author_info":{"display_name":"admin","author_link":"https:\/\/b2grow.mx\/?author=1"},"uagb_comment_info":0,"uagb_excerpt":"En B2 GROW, nos dedicamos a impulsar el crecimiento y el \u00e9xito de los negocios a trav\u00e9s de soluciones integrales y personalizadas. Consultor\u00eda Que Resolvemos? Experiencia del Cliente: A identificar y resolver problemas relacionados con la satisfacci\u00f3n y fidelizaci\u00f3n de clientes, mejorando as\u00ed la interacci\u00f3n y percepci\u00f3n del cliente hacia la empresa.Desarrollo de Canales de&hellip;","_links":{"self":[{"href":"https:\/\/b2grow.mx\/index.php?rest_route=\/wp\/v2\/pages\/11","targetHints":{"allow":["GET"]}}],"collection":[{"href":"https:\/\/b2grow.mx\/index.php?rest_route=\/wp\/v2\/pages"}],"about":[{"href":"https:\/\/b2grow.mx\/index.php?rest_route=\/wp\/v2\/types\/page"}],"author":[{"embeddable":true,"href":"https:\/\/b2grow.mx\/index.php?rest_route=\/wp\/v2\/users\/1"}],"replies":[{"embeddable":true,"href":"https:\/\/b2grow.mx\/index.php?rest_route=%2Fwp%2Fv2%2Fcomments&post=11"}],"version-history":[{"count":6,"href":"https:\/\/b2grow.mx\/index.php?rest_route=\/wp\/v2\/pages\/11\/revisions"}],"predecessor-version":[{"id":61,"href":"https:\/\/b2grow.mx\/index.php?rest_route=\/wp\/v2\/pages\/11\/revisions\/61"}],"wp:attachment":[{"href":"https:\/\/b2grow.mx\/index.php?rest_route=%2Fwp%2Fv2%2Fmedia&parent=11"}],"curies":[{"name":"wp","href":"https:\/\/api.w.org\/{rel}","templated":true}]}}